r of 5874 and 3?
3
What is the highest common divisor of 46 and 67850?
46
Calculate the greatest common divisor of 92616 and 3944.
136
Calculate the greatest common factor of 1088 and 22208.
64
What is the greatest common divisor of 55421 and 4553?
157
Calculate the highest common divisor of 4050819 and 342.
171
Calculate the greatest common factor of 340 and 11237.
17
What is the greatest common factor of 272030 and 22?
22
What is the greatest common factor of 220 and 26460?
20
What is the greatest common divisor of 27992 and 16?
8
What is the highest common factor of 128 and 79104?
128
What is the greatest common factor of 54 and 126981?
27
Calculate the greatest common divisor of 753508 and 1088.
68
What is the highest common factor of 313311 and 1154?
577
Calculate the highest common divisor of 68 and 646748.
68
What is the greatest common divisor of 41472 and 1792?
256
What is the highest common factor of 89652 and 8184?
372
Calculate the greatest common divisor of 858 and 45006.
78
What is the greatest common divisor of 3584 and 1512?
56
Calculate the greatest common divisor of 58820 and 255.
85
Calculate the greatest common factor of 18601 and 47971.
979
What is the greatest common factor of 71709 and 6314?
451
Calculate the greatest common divisor of 408 and 24837.
51
Calculate the greatest common factor of 137236 and 484.
44
What is the greatest common factor of 80746 and 329?
47
What is the greatest common factor of 96 and 5316?
12
Calculate the greatest common divisor of 14792 and 236.
4
What is the highest common divisor of 92160 and 2220?
60
Calculate the greatest common divisor of 2597 and 2279.
53
Calculate the greatest common factor of 7102 and 424.
106
Calculate the highest common divisor of 873 and 2388819.
291
Calculate the greatest common factor of 4582 and 336698.
158
Calculate the greatest common factor of 160 and 2020.
20
Calculate the greatest common divisor of 1653 and 5945.
29
What is the highest common factor of 173167 and 368?
23
What is the greatest common divisor of 279971 and 596?
149
Calculate the greatest common divisor of 1140 and 87096.
228
Calculate the greatest common divisor of 19 and 1785658.
19
Calculate the greatest common divisor of 57785 and 39.
13
What is the greatest common divisor of 44 and 197692?
44
What is the greatest common divisor of 4391985 and 15?
15
What is the greatest common factor of 315 and 2940?
105
What is the highest common divisor of 22355 and 10115?
85
Calculate the greatest common divisor of 6982 and 194.
2
What is the greatest common factor of 1072149 and 962?
481
What is the greatest common divisor of 45686 and 848?
106
What is the greatest common divisor of 2926 and 280060?
418
What is the greatest common divisor of 951918 and 11?
11
What is the highest common divisor of 151515 and 63?
63
What is the highest common divisor of 45492 and 204?
204
What is the greatest common factor of 10952 and 24?
8
What is the highest common divisor of 322414 and 23?
23
What is the highest common divisor of 209 and 321613?
19
Calculate the highest common divisor of 67287 and 132.
33
What is the highest common divisor of 1407 and 2751?
21
Calculate the greatest common divisor of 208 and 529048.
104
Calculate the greatest common divisor of 37434 and 12852.
102
What is the greatest common divisor of 53270 and 130?
10
Calculate the greatest common divisor of 178360 and 351.
13
What is the greatest common factor of 28240 and 170?
10
What is the greatest common factor of 11534 and 7584?
158
What is the highest common factor of 304 and 1180?
4
What is the greatest common divisor of 163 and 283783?
163
Calculate the greatest common factor of 1661 and 340505.
1661
What is the highest common factor of 117607 and 39326?
371
Calculate the greatest common divisor of 1140 and 279015.
285
Calculate the greatest common factor of 2896545 and 51.
51
Calculate the greatest common divisor of 2389716 and 58.
58
Calculate the highest common divisor of 82580 and 820.
20
What is the greatest common divisor of 86765 and 10787?
469
What is the greatest common factor of 77 and 22759?
11
Calculate the greatest common divisor of 1444 and 7676.
76
Calculate the highest common factor of 58 and 15921.
29
What is the highest common divisor of 357 and 367017?
21
Calculate the highest common factor of 35989 and 18250.
73
What is the highest common factor of 15314 and 63674?
806
Calculate the highest common factor of 15789 and 456.
57
Calculate the highest common divisor of 45 and 1445.
5
What is the highest common factor of 6231 and 1643?
31
What is the greatest common divisor of 8112 and 1472?
16
Calculate the highest common divisor of 374152 and 8.
8
What is the greatest common factor of 97658 and 2714?
46
Calculate the highest common divisor of 46554 and 6.
6
What is the highest common divisor of 120630 and 1320?
30
Calculate the greatest common factor of 30976 and 8228.
484
What is the highest common factor of 118976 and 33?
11
Calculate the greatest common factor of 19082 and 4466.
406
Calculate the highest common factor of 376 and 91368.
376
Calculate the greatest common divisor of 328452 and 4336.
1084
Calculate the highest common factor of 6990 and 180.
30
Calculate the greatest common factor of 5454 and 378.
54
What is the highest common divisor of 1130092 and 68?
68
What is the highest common factor of 15276751 and 1709?
1709
What is the greatest common factor of 119 and 799510?
17
What is the highest common factor of 126 and 282?
6
Calculate the highest common factor of 28 and 272909.
7
What is the highest common factor of 16335 and 605?
605
What is the greatest common factor of 16 and 340360?
8
Calculate the highest common factor of 3277 and 11074.
113
What is the highest common divisor of 256 and 28864?
64
What is the greatest common factor of 27930 and 513030?
1470
What is the highest common factor of 136 and 19142?
34
What is the highest common factor of 412 and 39336?
4
What is the greatest common factor of 2256 and 45872?
752
What is the greatest common divisor of 630 and 654570?
630
Calculate the greatest common factor of 14166 and 279.
9
Calculate the greatest common divisor of 2288384 and 5376.
1792
What is the highest common divisor of 4243547 and 4312?
539
What is the highest common divisor of 11670 and 195?
15
Calculate the greatest common factor of 5293 and 14062.
79
What is the highest common divisor of 7735 and 17000?
85
What is the greatest common divisor of 5672 and 28?
4
Calculate the highest common divisor of 195 and 100620.
195
Calculate the greatest common factor of 14329 and 2581.
89
What is the greatest common divisor of 20 and 4385?
5
What is the greatest common divisor of 135 and 53001?
27
Calculate the highest common factor of 7623 and 32067.
63
What is the highest common divisor of 125 and 65?
5
What is the highest common factor of 26540 and 100?
20
What is the greatest common divisor of 140368 and 62?
62
What is the highest common divisor of 1074 and 1585761?
537
Calculate the greatest common divisor of 2464459 and 1591.
1591
What is the highest common factor of 801974 and 4496?
562
What is the highest common factor of 11 and 754237?
11
What is the highest common factor of 1508300 and 150?
50
Calculate the greatest common divisor of 120 and 3241320.
120
Calculate the highest common divisor of 200 and 235160.
40
Calculate the greatest common factor of 175 and 53830.
35
Calculate the greatest common divisor of 7492140 and 12.
12
What is the greatest common factor of 83556 and 5412?
132
What is the highest common divisor of 267 and 220809?
267
What is the highest common divisor of 245 and 3381?
49
What is the greatest common divisor of 138537 and 1809?
27
What is the greatest common factor of 810 and 10845?
45
Calculate the highest common factor of 138 and 249159.
69
Calculate the greatest common factor of 96 and 2704032.
96
What is the greatest common divisor of 62 and 996154?
62
Calculate the greatest common factor of 838273 and 293.
293
What is the greatest common divisor of 165 and 6864?
33
Calculate the greatest common divisor of 252929 and 93.
31
What is the highest common factor of 12204 and 89948?
452
Calculate the greatest common factor of 267 and 114187.
89
Calculate the highest